ulate the greatest common factor of 524 and b.
131
Suppose 0 = 2*m - 2*l - 302, 26 - 157 = -m - 4*l. What is the greatest common divisor of 1127 and m?
49
Let w = -62 + 67. Let v be w/(-7) - -1 - (-11656)/658. What is the highest common divisor of v and 12?
6
Suppose -a = -3*a + 4. Let n(w) = 10*w - 14. Let z be n(a). Let j be 10/2 + 5/5. Calculate the greatest common factor of z and j.
6
Suppose 14*z - 19*z - 20090 = -5*a, 4*a + 5*z - 16090 = 0. Calculate the greatest common factor of a and 60.
60
Let a(c) = -5*c**3 + 3*c + 2. Let h be a(-1). Suppose h*q - 27 = -i, 0*q + 5*i = 3*q - 49. Calculate the greatest common divisor of q and 264.
8
Let r(a) = 2*a**2 - 4*a - 9. Let o be r(4). Suppose -4*u - 11*c = -7*c - 44, 2*u - 3*c - o = 0. Let h = -3 + u. What is the highest common factor of 45 and h?
5
Let p = 125643 - 125370. Suppose -2*o - o - 84 = -4*t, -4*t + 2*o + 84 = 0. Calculate the highest common divisor of t and p.
21
Let w = 33 + -61. Let r = -27 - w. Let i be (16/(-4) - -5) + r. What is the greatest common factor of i and 4?
2
Suppose -5*v - 14053 = -2*x, -8692 + 43839 = 5*x + 2*v. What is the greatest common factor of 99 and x?
99
Suppose -u - 44 = -3*u + 4*q, 3*q = 2*u - 39. Let s(z) = z**2 + 8*z + 156. Let m be s(0). Calculate the greatest common divisor of m and u.
12
Let v = -8745 - -8759. Calculate the greatest common divisor of 70 and v.
14
Let x = -4057 - -4097. Calculate the highest common factor of x and 40.
40
Let n be (210/(-60))/((-9)/22) - 8/(-18). What is the highest common factor of 3618 and n?
9
Let n(q) = q**2 + 16*q - 39. Let f = 43 - 61. Let u be n(f). Let i be (46/(-4) + 4)*10/u. What is the highest common factor of 10 and i?
5
Let o be (-273)/(-14) + (-21)/(-6). Let z(r) = -r**3 - r**2 - 2*r + 5. Suppose -4*n + 5*n + 5 = 0. Let b be z(n). What is the highest common divisor of b and o?
23
Suppose 4*j + j - 1125 = 0. Let i = -94117 - -94126. What is the highest common factor of i and j?
9
Let b be (((-200)/(-10))/40)/((-1)/(-314)). Calculate the highest common divisor of 18055 and b.
157
Suppose -2*j - 761 = o - 2771, 9996 = 5*o + j. What is the greatest common divisor of o and 259?
37
Suppose 519*m - 514*m - 4*h - 1424 = 0, 856 = 3*m - 2*h. Let g be 1 + -1 - 32*-1. What is the greatest common divisor of m and g?
32
Let l be 2*(1 - 1/(-2)). Let x(y) = y**3 - 33*y**2 + 37*y + 3025. Let d be x(28). Calculate the highest common divisor of l and d.
3
Let x(m) = -2*m - 58. Let k be x(-32). Let t be 1/(k/264) + 7. Calculate the greatest common factor of t and 3.
3
Let l(b) = 3*b**2 - 28*b + 271. Let c be l(19). Calculate the greatest common divisor of 6 and c.
6
Suppose -7*x - 3*h = 1, -2*x - 2*h = 57 - 43. Let u = -118 - -203. Calculate the greatest common divisor of u and x.
5
Suppose 0 = -6*r - 5*r + 2*r + 28656. Calculate the greatest common divisor of r and 96.
16
Let f(t) = -337*t - 4 - 1 + 343*t. Let o be f(3). Suppose 0 = 2*r + r - 312. What is the greatest common divisor of o and r?
13
Let r be (6/12*-17)/((-4)/344). Let t = 737 - r. Suppose -l - 4*l + 270 = 0. What is the highest common divisor of l and t?
6
Let x(z) = -4*z**2 + 3*z + 58. Let q(u) = 7*u**2 - 7*u - 115. Let j(c) = 3*q(c) + 5*x(c). Let a be j(15). What is the greatest common divisor of a and 180?
20
Let w = 15124 - 14868. Calculate the greatest common factor of w and 192.
64
Let d = -7793 - -7847. What is the highest common divisor of 3213 and d?
27
Let p(i) = -i**2 - 18*i - 3. Let g(q) = 2*q**2 + 34*q + 5. Let l(j) = -3*g(j) - 5*p(j). Let k be l(-10). Calculate the greatest common factor of 90 and k.
10
Let t(h) be the third derivative of h**4/4 - 11*h**3/6 - 38*h**2 + 2. Let u be t(2). What is the highest common divisor of 17 and u?
1
Suppose 28*i = -30*i + 32480. What is the greatest common divisor of i and 63?
7
Let g be -81 + -1 + 1 - (1 + -3). Let k = 103 + g. Let i be 2 - 6 - -2 - -266. Calculate the highest common divisor of i and k.
24
Let l = 16900 + -16224. What is the highest common factor of 468 and l?
52
Suppose -732*x = -751*x + 123424. What is the highest common factor of x and 87?
29
Let h = -466 + 465. Let d(s) = -15*s**3 + 3*s + 3. Let b be d(h). What is the greatest common divisor of b and 255?
15
Suppose 0 = 4*v - 449 + 441. Let u be (8/(-10))/((-14)/560). What is the highest common divisor of v and u?
2
Let l(t) = 21*t**3 + 6*t**2 - 43*t + 30. Let u be l(8). Calculate the highest common divisor of 14 and u.
14
Let y(v) = -18*v**2 - 28*v - 16. Let w be y(-7). Let b = 733 + w. Let l = 33 - -184. What is the highest common divisor of b and l?
31
Let l be 1 - (-12)/18 - (-1 - 2620/3). Calculate the highest common divisor of l and 84.
12
Let a be (-48456)/15*(-1910)/573. Calculate the greatest common divisor of 64 and a.
16
Let c be (-12)/(-18) + (-25)/(-3) + -2. Let m be (-220)/(-70) - 1/c. Calculate the greatest common divisor of 123 and m.
3
Let w be (-5)/(-6 - 165/(-27)). Let o be w + 50 + (-3)/((-3)/40). Calculate the greatest common factor of 15 and o.
15
Suppose 71 - 7 = 4*r - 7*y, 65 = 5*r - 5*y. What is the greatest common factor of r and 498?
3
Let v = 12409 - 5829. What is the highest common divisor of 140 and v?
140
Let q be (-71730)/(-54) + (-14)/21 - (-1)/3. Calculate the greatest common divisor of 996 and q.
332
Let c = -88 - -89. Let d be 633/18 + c/(-6). Calculate the greatest common factor of 21 and d.
7
Let n be (61 + -1)/(21/21). Suppose n = u + s, u - 2*s - 84 + 24 = 0. What is the highest common divisor of 30 and u?
30
Let f = -1612 - -2529. Calculate the greatest common divisor of 14 and f.
7
Let b = -100 + 171. Suppose 0 = -5*s + b + 4. Calculate the highest common factor of 255 and s.
15
Let t(o) = 181*o + 33. Let f be t(27). What is the highest common factor of f and 40?
40
Suppose 61*o - 79295 + 64015 = 176565. What is the highest common divisor of 170 and o?
85
Suppose 19*j - 2667 = 183. Let p = j - 114. What is the greatest common divisor of p and 396?
36
Let s be (-3660)/(-48) + 165/60. Calculate the greatest common divisor of 10349 and s.
79
Suppose 3*x + 2483 = j + 6561, 0 = -4*x + 4*j + 5432. Calculate the highest common factor of 765 and x.
85
Let r be (-15)/10*(-2)/(-3) + 426. Let x = r - -14. Let o = -124 + x. What is the greatest common factor of 35 and o?
35
Suppose -2*m - 4 = 0, -4*m + 8*m = 5*x + 2212. Let w = x - -484. Calculate the highest common divisor of w and 640.
40
Let s = 911 + -1286. Let o = s - -417. Let q be (-3)/4*(-28 - 0). What is the greatest common divisor of q and o?
21
Suppose 0*c - 3*c = -9. Suppose -c*d - w + 169 = -6*w, -3*w + 177 = 4*d. Suppose 2*f - d = -6. What is the highest common divisor of 189 and f?
21
Suppose 0 = 20*y + 18*y - 28880. What is the highest common factor of y and 60?
20
Let j be 10/25 + 9108/30. Let i(r) = 2*r**3 - 13*r**2 - 8*r + 45. Let d be i(7). Calculate the highest common divisor of d and j.
38
Suppose -5*u + 55*i + 780 = 51*i, -i + 156 = u. What is the greatest common factor of 60 and u?
12
Suppose -9 = 54*l - 51*l, 5*p + l - 5032 = 0. What is the highest common factor of p and 76?
19
Let j(f) = -6*f**2 + 400*f - 86. Let x be j(62). Calculate the highest common divisor of 75 and x.
75
Let m(k) = 2*k**2 - 119*k - 52. Let u be m(60). What is the greatest common divisor of u and 328?
8
Let k = 862 - 246. What is the greatest common divisor of 49 and k?
7
Let x(h) = 3*h**2 - 22*h + 69. Let v be x(23). Suppose 5*i + v = 5*n - 0*i, 4*i = -3*n + 704. What is the highest common factor of n and 16?
8
Suppose 0 = -33*n + 25*n + 144. Let h = -848 + 1461. Let i = h + -415. What is the highest common divisor of n and i?
18
Suppose 351 = 475*g - 436*g. What is the greatest common divisor of 153 and g?
9
Let g(u) = 239*u**2 - u + 2. Let r be g(-2). Suppose -1268 = -130*n + 370 + 312. Calculate the greatest common factor of r and n.
15
Suppose b - 1547 = 2*i, b + 3*i = -2*i + 1519. Suppose 36*z + b = 45*z. Calculate the greatest common divisor of z and 9.
9
Let y(s) = -s**3 + 32*s**2 - 12*s + 1159. Let f be y(30). What is the highest common factor of 115 and f?
23
Suppose -2*w + 3*w = -9. Let z be 3 - 3/(w/327). Let y be 15/((-60)/(-56))*(1 + 0). Calculate the greatest common factor of y and z.
14
Suppose 9711 - 2095 = 28*y. What is the greatest common